{"id":450,"date":"2025-12-15T08:07:33","date_gmt":"2025-12-15T07:07:33","guid":{"rendered":"https:\/\/anpiozanety.pl\/?page_id=450"},"modified":"2025-12-15T10:04:03","modified_gmt":"2025-12-15T09:04:03","slug":"glina-wedkarska","status":"publish","type":"page","link":"https:\/\/anpiozanety.pl\/?page_id=450","title":{"rendered":"Glina w\u0119dkarska"},"content":{"rendered":"\t\t<div data-elementor-type=\"wp-page\" data-elementor-id=\"450\" class=\"elementor elementor-450\">\n\t\t\t\t<div class=\"elementor-element elementor-element-3234927 e-flex e-con-boxed e-con e-parent\" data-id=\"3234927\" data-element_type=\"container\">\n\t\t\t\t\t<div class=\"e-con-inner\">\n\t\t\t\t<div class=\"elementor-element elementor-element-eb9450b elementor-widget elementor-widget-heading\" data-id=\"eb9450b\" data-element_type=\"widget\" data-widget_type=\"heading.default\">\n\t\t\t\t\t<h2 class=\"elementor-heading-title elementor-size-default\">Glina w\u0119dkarska 2 kg<\/h2>\t\t\t\t<\/div>\n\t\t\t\t\t<\/div>\n\t\t\t\t<\/div>\n\t\t<div class=\"elementor-element elementor-element-2d84074 e-flex e-con-boxed e-con e-parent\" data-id=\"2d84074\" data-element_type=\"container\">\n\t\t\t\t\t<div class=\"e-con-inner\">\n\t\t\t\t<div class=\"elementor-element elementor-element-79b5ca8 gallery-spacing-custom elementor-widget elementor-widget-image-gallery\" data-id=\"79b5ca8\" data-element_type=\"widget\" data-widget_type=\"image-gallery.default\">\n\t\t\t\t\t\t\t<div class=\"elementor-image-gallery\">\n\t\t\t<div id='gallery-1' class='gallery galleryid-450 gallery-columns-3 gallery-size-medium'><figure class='gallery-item'>\n\t\t\t<div class='gallery-icon portrait'>\n\t\t\t\t<a data-elementor-open-lightbox=\"yes\" data-elementor-lightbox-slideshow=\"79b5ca8\" data-elementor-lightbox-title=\"Glina rozpraszaj\u0105ca 2 kg\" data-e-action-hash=\"#elementor-action%3Aaction%3Dlightbox%26settings%3DeyJpZCI6NDUyLCJ1cmwiOiJodHRwczpcL1wvYW5waW96YW5ldHkucGxcL3dwLWNvbnRlbnRcL3VwbG9hZHNcLzIwMjVcLzEyXC8xMzJCOTg1OC5qcGciLCJzbGlkZXNob3ciOiI3OWI1Y2E4In0%3D\" href='https:\/\/anpiozanety.pl\/wp-content\/uploads\/2025\/12\/132B9858.jpg'><img fetchpriority=\"high\" decoding=\"async\" width=\"202\" height=\"300\" src=\"https:\/\/anpiozanety.pl\/wp-content\/uploads\/2025\/12\/132B9858-202x300.jpg\" class=\"attachment-medium size-medium\" alt=\"\" aria-describedby=\"gallery-1-452\" srcset=\"https:\/\/anpiozanety.pl\/wp-content\/uploads\/2025\/12\/132B9858-202x300.jpg 202w, https:\/\/anpiozanety.pl\/wp-content\/uploads\/2025\/12\/132B9858.jpg 688w\" sizes=\"(max-width: 202px) 100vw, 202px\" \/><\/a>\n\t\t\t<\/div>\n\t\t\t\t<figcaption class='wp-caption-text gallery-caption' id='gallery-1-452'>\n\t\t\t\tRozpraszaj\u0105ca\n\t\t\t\t<\/figcaption><\/figure><figure class='gallery-item'>\n\t\t\t<div class='gallery-icon portrait'>\n\t\t\t\t<a data-elementor-open-lightbox=\"yes\" data-elementor-lightbox-slideshow=\"79b5ca8\" data-elementor-lightbox-title=\"Glina rozpraszaj\u0105ca br\u0105zowa 2 kg\" data-e-action-hash=\"#elementor-action%3Aaction%3Dlightbox%26settings%3DeyJpZCI6NDUzLCJ1cmwiOiJodHRwczpcL1wvYW5waW96YW5ldHkucGxcL3dwLWNvbnRlbnRcL3VwbG9hZHNcLzIwMjVcLzEyXC8xMzJCOTg1MS5qcGciLCJzbGlkZXNob3ciOiI3OWI1Y2E4In0%3D\" href='https:\/\/anpiozanety.pl\/wp-content\/uploads\/2025\/12\/132B9851.jpg'><img decoding=\"async\" width=\"196\" height=\"300\" src=\"https:\/\/anpiozanety.pl\/wp-content\/uploads\/2025\/12\/132B9851-196x300.jpg\" class=\"attachment-medium size-medium\" alt=\"\" aria-describedby=\"gallery-1-453\" srcset=\"https:\/\/anpiozanety.pl\/wp-content\/uploads\/2025\/12\/132B9851-196x300.jpg 196w, https:\/\/anpiozanety.pl\/wp-content\/uploads\/2025\/12\/132B9851.jpg 668w\" sizes=\"(max-width: 196px) 100vw, 196px\" \/><\/a>\n\t\t\t<\/div>\n\t\t\t\t<figcaption class='wp-caption-text gallery-caption' id='gallery-1-453'>\n\t\t\t\tRozpraszaj\u0105ca br\u0105zowa\n\t\t\t\t<\/figcaption><\/figure><figure class='gallery-item'>\n\t\t\t<div class='gallery-icon portrait'>\n\t\t\t\t<a data-elementor-open-lightbox=\"yes\" data-elementor-lightbox-slideshow=\"79b5ca8\" data-elementor-lightbox-title=\"Glina rozpraszaj\u0105ca czarna 2 kg\" data-e-action-hash=\"#elementor-action%3Aaction%3Dlightbox%26settings%3DeyJpZCI6NDU2LCJ1cmwiOiJodHRwczpcL1wvYW5waW96YW5ldHkucGxcL3dwLWNvbnRlbnRcL3VwbG9hZHNcLzIwMjVcLzEyXC8xMzJCOTg1Ny5qcGciLCJzbGlkZXNob3ciOiI3OWI1Y2E4In0%3D\" href='https:\/\/anpiozanety.pl\/wp-content\/uploads\/2025\/12\/132B9857.jpg'><img decoding=\"async\" width=\"202\" height=\"300\" src=\"https:\/\/anpiozanety.pl\/wp-content\/uploads\/2025\/12\/132B9857-202x300.jpg\" class=\"attachment-medium size-medium\" alt=\"\" aria-describedby=\"gallery-1-456\" srcset=\"https:\/\/anpiozanety.pl\/wp-content\/uploads\/2025\/12\/132B9857-202x300.jpg 202w, https:\/\/anpiozanety.pl\/wp-content\/uploads\/2025\/12\/132B9857.jpg 691w\" sizes=\"(max-width: 202px) 100vw, 202px\" \/><\/a>\n\t\t\t<\/div>\n\t\t\t\t<figcaption class='wp-caption-text gallery-caption' id='gallery-1-456'>\n\t\t\t\tRozpraszaj\u0105ca czarna\n\t\t\t\t<\/figcaption><\/figure><figure class='gallery-item'>\n\t\t\t<div class='gallery-icon portrait'>\n\t\t\t\t<a data-elementor-open-lightbox=\"yes\" data-elementor-lightbox-slideshow=\"79b5ca8\" data-elementor-lightbox-title=\"Glina wi\u0105\u017c\u0105ca 2 kg\" data-e-action-hash=\"#elementor-action%3Aaction%3Dlightbox%26settings%3DeyJpZCI6NDU3LCJ1cmwiOiJodHRwczpcL1wvYW5waW96YW5ldHkucGxcL3dwLWNvbnRlbnRcL3VwbG9hZHNcLzIwMjVcLzEyXC8xMzJCMzE4OC5qcGciLCJzbGlkZXNob3ciOiI3OWI1Y2E4In0%3D\" href='https:\/\/anpiozanety.pl\/wp-content\/uploads\/2025\/12\/132B3188.jpg'><img loading=\"lazy\" decoding=\"async\" width=\"208\" height=\"300\" src=\"https:\/\/anpiozanety.pl\/wp-content\/uploads\/2025\/12\/132B3188-208x300.jpg\" class=\"attachment-medium size-medium\" alt=\"\" aria-describedby=\"gallery-1-457\" srcset=\"https:\/\/anpiozanety.pl\/wp-content\/uploads\/2025\/12\/132B3188-208x300.jpg 208w, https:\/\/anpiozanety.pl\/wp-content\/uploads\/2025\/12\/132B3188.jpg 710w\" sizes=\"(max-width: 208px) 100vw, 208px\" \/><\/a>\n\t\t\t<\/div>\n\t\t\t\t<figcaption class='wp-caption-text gallery-caption' id='gallery-1-457'>\n\t\t\t\tWi\u0105\u017c\u0105ca\n\t\t\t\t<\/figcaption><\/figure><figure class='gallery-item'>\n\t\t\t<div class='gallery-icon portrait'>\n\t\t\t\t<a data-elementor-open-lightbox=\"yes\" data-elementor-lightbox-slideshow=\"79b5ca8\" data-elementor-lightbox-title=\"Glina wi\u0105\u017c\u0105ca br\u0105zowa 2 kg\" data-e-action-hash=\"#elementor-action%3Aaction%3Dlightbox%26settings%3DeyJpZCI6NDU1LCJ1cmwiOiJodHRwczpcL1wvYW5waW96YW5ldHkucGxcL3dwLWNvbnRlbnRcL3VwbG9hZHNcLzIwMjVcLzEyXC8xMzJCOTg1NS5qcGciLCJzbGlkZXNob3ciOiI3OWI1Y2E4In0%3D\" href='https:\/\/anpiozanety.pl\/wp-content\/uploads\/2025\/12\/132B9855.jpg'><img loading=\"lazy\" decoding=\"async\" width=\"202\" height=\"300\" src=\"https:\/\/anpiozanety.pl\/wp-content\/uploads\/2025\/12\/132B9855-202x300.jpg\" class=\"attachment-medium size-medium\" alt=\"\" aria-describedby=\"gallery-1-455\" srcset=\"https:\/\/anpiozanety.pl\/wp-content\/uploads\/2025\/12\/132B9855-202x300.jpg 202w, https:\/\/anpiozanety.pl\/wp-content\/uploads\/2025\/12\/132B9855.jpg 688w\" sizes=\"(max-width: 202px) 100vw, 202px\" \/><\/a>\n\t\t\t<\/div>\n\t\t\t\t<figcaption class='wp-caption-text gallery-caption' id='gallery-1-455'>\n\t\t\t\tWi\u0105\u017c\u0105ca br\u0105zowa\n\t\t\t\t<\/figcaption><\/figure><figure class='gallery-item'>\n\t\t\t<div class='gallery-icon portrait'>\n\t\t\t\t<a data-elementor-open-lightbox=\"yes\" data-elementor-lightbox-slideshow=\"79b5ca8\" data-elementor-lightbox-title=\"Glina wi\u0105\u017c\u0105ca czarna 2 kg\" data-e-action-hash=\"#elementor-action%3Aaction%3Dlightbox%26settings%3DeyJpZCI6NDU0LCJ1cmwiOiJodHRwczpcL1wvYW5waW96YW5ldHkucGxcL3dwLWNvbnRlbnRcL3VwbG9hZHNcLzIwMjVcLzEyXC8xMzJCOTg1Mi5qcGciLCJzbGlkZXNob3ciOiI3OWI1Y2E4In0%3D\" href='https:\/\/anpiozanety.pl\/wp-content\/uploads\/2025\/12\/132B9852.jpg'><img loading=\"lazy\" decoding=\"async\" width=\"195\" height=\"300\" src=\"https:\/\/anpiozanety.pl\/wp-content\/uploads\/2025\/12\/132B9852-195x300.jpg\" class=\"attachment-medium size-medium\" alt=\"\" aria-describedby=\"gallery-1-454\" srcset=\"https:\/\/anpiozanety.pl\/wp-content\/uploads\/2025\/12\/132B9852-195x300.jpg 195w, https:\/\/anpiozanety.pl\/wp-content\/uploads\/2025\/12\/132B9852.jpg 666w\" sizes=\"(max-width: 195px) 100vw, 195px\" \/><\/a>\n\t\t\t<\/div>\n\t\t\t\t<figcaption class='wp-caption-text gallery-caption' id='gallery-1-454'>\n\t\t\t\tWi\u0105\u017c\u0105ca czarna\n\t\t\t\t<\/figcaption><\/figure>\n\t\t<\/div>\n\t\t<\/div>\n\t\t\t\t\t\t<\/div>\n\t\t\t\t\t<\/div>\n\t\t\t\t<\/div>\n\t\t\t\t<\/div>\n\t\t","protected":false},"excerpt":{"rendered":"<p>Glina w\u0119dkarska 2 kg Rozpraszaj\u0105ca Rozpraszaj\u0105ca br\u0105zowa Rozpraszaj\u0105ca czarna Wi\u0105\u017c\u0105ca Wi\u0105\u017c\u0105ca br\u0105zowa Wi\u0105\u017c\u0105ca czarna<\/p>\n","protected":false},"author":1,"featured_media":0,"parent":0,"menu_order":0,"comment_status":"closed","ping_status":"closed","template":"page-no-title","meta":{"footnotes":""},"class_list":["post-450","page","type-page","status-publish","hentry"],"_links":{"self":[{"href":"https:\/\/anpiozanety.pl\/index.php?rest_route=\/wp\/v2\/pages\/450","targetHints":{"allow":["GET"]}}],"collection":[{"href":"https:\/\/anpiozanety.pl\/index.php?rest_route=\/wp\/v2\/pages"}],"about":[{"href":"https:\/\/anpiozanety.pl\/index.php?rest_route=\/wp\/v2\/types\/page"}],"author":[{"embeddable":true,"href":"https:\/\/anpiozanety.pl\/index.php?rest_route=\/wp\/v2\/users\/1"}],"replies":[{"embeddable":true,"href":"https:\/\/anpiozanety.pl\/index.php?rest_route=%2Fwp%2Fv2%2Fcomments&post=450"}],"version-history":[{"count":8,"href":"https:\/\/anpiozanety.pl\/index.php?rest_route=\/wp\/v2\/pages\/450\/revisions"}],"predecessor-version":[{"id":464,"href":"https:\/\/anpiozanety.pl\/index.php?rest_route=\/wp\/v2\/pages\/450\/revisions\/464"}],"wp:attachment":[{"href":"https:\/\/anpiozanety.pl\/index.php?rest_route=%2Fwp%2Fv2%2Fmedia&parent=450"}],"curies":[{"name":"wp","href":"https:\/\/api.w.org\/{rel}","templated":true}]}}